{"id":58392,"date":"2024-07-23T08:47:46","date_gmt":"2024-07-23T06:47:46","guid":{"rendered":"https:\/\/www.laurentbourrelly.com\/blog\/?post_type=product&#038;p=58392"},"modified":"2025-02-26T14:28:08","modified_gmt":"2025-02-26T13:28:08","slug":"e-commerce-2024","status":"publish","type":"product","link":"https:\/\/www.laurentbourrelly.com\/blog\/boutique\/e-commerce-2024","title":{"rendered":"Comment vendre sur Internet"},"content":{"rendered":"<p><strong>Formation Comment Vendre sur Internet par Laurent Bourrelly :\u00a0<\/strong><\/p>\r\n<div>\r\n<p>Cette formation est hybride entre vid\u00e9os enregistr\u00e9es et retour audio personnalis\u00e9.<\/p>\r\n<p>La formation se d\u00e9roule de la mani\u00e8re suivante :<\/p>\r\n<ul>\r\n<li>D\u00e8s la commande, vous recevez une vid\u00e9o enregistr\u00e9e accompagn\u00e9e d&rsquo;exercices \u00e0 r\u00e9aliser<\/li>\r\n<li>Je laisse deux semaines pour faire les exercices, qui<strong> s&rsquo;appliquent concr\u00e8tement \u00e0 chaque cas particulier<\/strong><\/li>\r\n<li>Apr\u00e8s avoir termin\u00e9 les exercices, <strong>il suffit de m&rsquo;envoyer les r\u00e9sultats que je r\u00e9vise personnellement. <\/strong>J&rsquo;enregistre un audio pour passer en revue les probl\u00e8mes que je rel\u00e8ve, puis nous passons \u00e0 l&rsquo;\u00e9tape suivante. Ainsi de suite pendant les six \u00e9tapes de cette formation.<\/li>\r\n<li>Ainsi, on avance pas \u00e0 pas, <strong>ENSEMBLE<\/strong>, dans la construction\/refonte\/am\u00e9lioration de n&rsquo;importe quel projet ecommerce, quelle que soit la <strong>sp\u00e9cificit\u00e9 du projet<\/strong> et de <strong>la th\u00e9matique<\/strong><\/li>\r\n<li>\u00c0 la fin de cette formation, <strong>vous aurez VOTRE e-commerce<\/strong>, qui sera con\u00e7u dans les\u00a0 r\u00e8gles de l&rsquo;art et taill\u00e9 pour la performance, peu importe votre secteur d&rsquo;activit\u00e9.<\/li>\r\n<\/ul>\r\n<p><strong>Il ne reste plus qu&rsquo;\u00e0 suivre le plan de route et observer les r\u00e9sultats arriver plus rapidement que vous n&rsquo;auriez pens\u00e9.<\/strong><\/p>\r\n<p>&nbsp;<\/p>\r\n<p><strong>LE PROGRAMME :\u00a0<\/strong><\/p>\r\n<\/div>\r\n<ol>\r\n<li><strong>Trouver la bonne niche et d\u00e9finir sa diff\u00e9rence en branding &#8211; 5h14mn : <\/strong>Tout commence par trouver quoi vendre et surtout comment le vendre.\u00a0<\/li>\r\n<li><strong>Planifier la strat\u00e9gie \u00e9ditoriale de A \u00e0 Z et le faire bon choix pour construire la boutique &#8211; 4h45mn : <\/strong>Siloing Th\u00e9matique vs Cocon S\u00e9mantique (Phase 1) et choix CMS (Shopify vs WordPress vs Prestashop vs Magento).<\/li>\r\n<li><strong>Cocon S\u00e9mantique Phase 2 &#8211; 3h46mn<\/strong> : Explorer le sujet et appliquer le coeur du v\u00e9ritable Cocon S\u00e9mantique version 2025.<\/li>\r\n<li><strong>Mettre en oeuvre popularit\u00e9, notori\u00e9t\u00e9 et autorit\u00e9 Phase 1<\/strong> &#8211; <strong>5h54mn<\/strong> :\u00a0 La seule question int\u00e9ressante est: \u00ab\u00a0pourquoi moi?\u00a0\u00bb Le Cocon S\u00e9mantique r\u00e9pond \u00e0 une partie de cette question, mais la suite se d\u00e9roule dans l&rsquo;environnement autour de la page aka le sujet, \u00e0 l&rsquo;ext\u00e9rieur du site Web.<\/li>\r\n<li><strong>Popularit\u00e9, notori\u00e9t\u00e9 et autorit\u00e9 Phase 2 &#8211; 4h49mn<\/strong> :\u00a0 Apr\u00e8s avoir prouv\u00e9 d&rsquo;\u00eatre pertinent, on peut aller vers un niveau d&rsquo;ambition sup\u00e9rieure afin de devenir LA r\u00e9f\u00e9rence sur une th\u00e9matique pr\u00e9cise.<\/li>\r\n<li><strong>Phase d&rsquo;ajustement et m\u00e9canique du succ\u00e8s &#8211; 3h57<\/strong> : Construire une marque ou \u00eatre premier sur Google r\u00e9pondent \u00e0 des proc\u00e9d\u00e9s 100% m\u00e9caniques.\u00a0 La chance est une variable minimale et ma\u00eetrisable. En adoptant la bonne strat\u00e9gie et m\u00e9thodologie, on peut se garantir le succ\u00e8s.<\/li>\r\n<\/ol>\r\n<p>&nbsp;<\/p>\r\n<p><\/p>\r\n<blockquote>\r\n<p><strong>Je ne peux pas garantir le succ\u00e8s d&rsquo;autrui, mais je peux le faire pour moi-m\u00eame.<\/strong><\/p>\r\n<p><strong>\r\n\r\n<\/strong> Mon objectif est de te transmettre la facult\u00e9 de toujours gagner, quoi qu&rsquo;il arrive en cours de route.<\/p>\r\n<p>&nbsp;<\/p>\r\n<\/blockquote>\r\n<p>\r\n\r\n<\/p>\r\n<p>Il y a beaucoup de candidats pour gagner de l&rsquo;argent sur Internet, mais peu arrivent \u00e0 des objectifs qui d\u00e9passent les attentes.<\/p>\r\n<p>\r\n\r\n<\/p>\r\n<p>Dans la plupart des cas, l&rsquo;abandon intervient trop t\u00f4t.\u00a0Par ailleurs, les strat\u00e9gies employ\u00e9es ne sont pas assez rigoureuses.<\/p>\r\n<p>\r\n\r\n<\/p>\r\n<p>La chance ne doit pas \u00eatre le facteur d\u00e9cisif de la r\u00e9ussite.\u00a0On doit \u00eatre capable de r\u00e9duire le facteur chance \u00e0 une variable ma\u00eetrisable.<\/p>\r\n<p>\r\n\r\n<\/p>\r\n<p><strong>Vendre sur internet n&rsquo;a pas besoin d&rsquo;\u00eatre compliqu\u00e9.<\/strong><\/p>\r\n<p>\r\n\r\n<\/p>\r\n<p>Certes c&rsquo;est difficile, mais il suffit d&rsquo;appliquer la bonne strat\u00e9gie et ne pas se laisser distraire.<\/p>\r\n<p>\r\n\r\n<\/p>\r\n<p>On choisit la bonne m\u00e9thode, on bosse et on d\u00e9couvre que \u00e7a devient finalement 100% m\u00e9canique.<\/p>\r\n<p>\r\n\r\n<\/p>\r\n<p>Que \u00e7a soit pour passer de la position X \u00e0 la position 1 sur Google ou cr\u00e9er une marque, il existe des syst\u00e8mes qui ont fait leurs preuves.<\/p>\r\n<p>\r\n\r\n<\/p>\r\n<p>Le Cocon S\u00e9mantique en SEO est la bonne strat\u00e9gie et ma m\u00e9thodologie pour devenir l\u00e9gitime sur une th\u00e9matique fonctionne \u00e0 tous les coups.<\/p>\r\n<p>\r\n\r\n<\/p>\r\n<p>Apr\u00e8s 20 ans de carri\u00e8re en marketing digital et SEO, j&rsquo;ai fait mes propres exp\u00e9riences en e-commerce et j&rsquo;ai accompagn\u00e9 des centaines de clients.<\/p>\r\n<p>\r\n\r\n<\/p>\r\n<p><strong>Dans cette formation e-commerce, je te fournis des vid\u00e9os enregistr\u00e9es pour que tu puisses r\u00e9aliser des exercices qui ont fait fumer les neurones de plus d&rsquo;un avant toi. Lorsque tu as termin\u00e9 les exercices, tu me les envoies et je te fais un retour audio personnalis\u00e9.<\/strong><\/p>\r\n<p><strong>\r\n\r\n<\/strong> Que \u00e7a soit pour d\u00e9marrer un nouveau projet ou redresser un projet existant, la s\u00e9quence va permettre de te mettre sur les bons rails.<\/p>\r\n<p>\r\n\r\n<\/p>\r\n<p>Bien s\u00fbr qu&rsquo;il y a des frustrations et des freins dans un projet Web, mais pour 90% il suffit de rester sur les rails et ne pas d\u00e9vier avant d&rsquo;avoir atteint ses objectifs.<\/p>\r\n<p>\r\n\r\n<\/p>\r\n<p>La subtilit\u00e9 est qu&rsquo;on doit \u00eatre capable de s&rsquo;adapter et de pivoter, tout en gardant le cap sur les objectifs principaux.<\/p>\r\n<p>\r\n\r\n<\/p>\r\n<p>Osciller entre le micro et le macro est la marque de fabrique des gagnants en business.<\/p>\r\n<p>\r\n\r\n<\/p>\r\n<p>Gr\u00e2ce au format interactif du webinaire, je propose une formule innovante ax\u00e9e sur la transmission de valeur ajout\u00e9e avec une personnalisation\u00a0essentielle, afin de r\u00e9pondre \u00e0 tes besoins particuliers.<\/p>\r\n<p>\r\n\r\n<\/p>\r\n<p>Le programme que je te propose pourra s&rsquo;enrichir au fur et \u00e0 mesure de l&rsquo;avanc\u00e9e des travaux.<\/p>\r\n<p>\r\n\r\n<\/p>\r\n<p>S&rsquo;il faut rajouter des\u00a0cours ou revenir plus en d\u00e9tails sur certains \u00e9l\u00e9ments, je le ferais avec grand plaisir.<\/p>\r\n<p>\r\n\r\n<\/p>\r\n<p>Dans tous les cas, ceci est une trame de d\u00e9part pour couvrir tous les axes vitaux \u00e0 la bonne mise en oeuvre d&rsquo;un projet e-commerce.<\/p>\r\n<p>En rejoignant la formation, tu auras acc\u00e8s \u00e0 notre Discord.\u00a0<\/p>\r\n<p>\r\n\r\n<\/p>\r\n<p><strong>Encore une fois, que \u00e7a soit un projet ou un site existant, la formation s&rsquo;adapte aux deux cas.<\/strong><\/p>\r\n<p><strong>Tu d\u00e9marres ?<\/strong><\/p>\r\n<p><\/p>","protected":false},"excerpt":{"rendered":"<p>Cette formation est con\u00e7ue pour aborder les principaux enjeux du commerce en ligne, que vous vendiez des produits ou des services. Adaptable et \u00e9volutif, ce programme propose des vid\u00e9os et des exercices pratiques couvrant des sujets cl\u00e9s comme la recherche de niche, le branding, la strat\u00e9gie \u00e9ditoriale, et l&rsquo;utilisation du cocon s\u00e9mantique pour renforcer votre pr\u00e9sence en ligne. Chaque \u00e9tape est interactive, pour r\u00e9pondre \u00e0 vos besoins sp\u00e9cifiques. D\u00e9couvre le programme ci-dessous et rejoins le groupe pour transformer ton projet e-commerce en un succ\u00e8s m\u00e9canique, avec une approche rigoureuse et une m\u00e9thodologique \u00e9prouv\u00e9e.<\/p>\n","protected":false},"featured_media":58393,"template":"","meta":{"site-sidebar-layout":"default","site-content-layout":"default","ast-site-content-layout":"default","site-content-style":"default","site-sidebar-style":"default","ast-global-header-display":"","ast-banner-title-visibility":"","ast-main-header-display":"","ast-hfb-above-header-display":"","ast-hfb-below-header-display":"","ast-hfb-mobile-header-display":"","site-post-title":"","ast-breadcrumbs-content":"","ast-featured-img":"","footer-sml-layout":"","ast-disable-related-posts":"","theme-transparent-header-meta":"default","adv-header-id-meta":"","stick-header-meta":"","header-above-stick-meta":"","header-main-stick-meta":"","header-below-stick-meta":"","astra-migrate-meta-layouts":"set","ast-page-background-enabled":"default","ast-page-background-meta":{"desktop":{"background-color":"var(--ast-global-color-4)","background-image":"","background-repeat":"repeat","background-position":"center center","background-size":"auto","background-attachment":"scroll","background-type":"","background-media":"","overlay-type":"","overlay-color":"","overlay-opacity":"","overlay-gradient":""},"tablet":{"background-color":"","background-image":"","background-repeat":"repeat","background-position":"center center","background-size":"auto","background-attachment":"scroll","background-type":"","background-media":"","overlay-type":"","overlay-color":"","overlay-opacity":"","overlay-gradient":""},"mobile":{"background-color":"","background-image":"","background-repeat":"repeat","background-position":"center center","background-size":"auto","background-attachment":"scroll","background-type":"","background-media":"","overlay-type":"","overlay-color":"","overlay-opacity":"","overlay-gradient":""}},"ast-content-background-meta":{"desktop":{"background-color":"var(--ast-global-color-5)","background-image":"","background-repeat":"repeat","background-position":"center center","background-size":"auto","background-attachment":"scroll","background-type":"","background-media":"","overlay-type":"","overlay-color":"","overlay-opacity":"","overlay-gradient":""},"tablet":{"background-color":"var(--ast-global-color-5)","background-image":"","background-repeat":"repeat","background-position":"center center","background-size":"auto","background-attachment":"scroll","background-type":"","background-media":"","overlay-type":"","overlay-color":"","overlay-opacity":"","overlay-gradient":""},"mobile":{"background-color":"var(--ast-global-color-5)","background-image":"","background-repeat":"repeat","background-position":"center center","background-size":"auto","background-attachment":"scroll","background-type":"","background-media":"","overlay-type":"","overlay-color":"","overlay-opacity":"","overlay-gradient":""}}},"product_brand":[],"product_cat":[569],"product_tag":[],"class_list":{"0":"post-58392","1":"product","2":"type-product","3":"status-publish","4":"has-post-thumbnail","6":"product_cat-ecomm","7":"desktop-align-left","8":"tablet-align-left","9":"mobile-align-left","11":"first","12":"instock","13":"sale","14":"featured","15":"downloadable","16":"shipping-taxable","17":"purchasable","18":"product-type-simple"},"_links":{"self":[{"href":"https:\/\/www.laurentbourrelly.com\/blog\/wp-json\/wp\/v2\/product\/58392","targetHints":{"allow":["GET"]}}],"collection":[{"href":"https:\/\/www.laurentbourrelly.com\/blog\/wp-json\/wp\/v2\/product"}],"about":[{"href":"https:\/\/www.laurentbourrelly.com\/blog\/wp-json\/wp\/v2\/types\/product"}],"wp:featuredmedia":[{"embeddable":true,"href":"https:\/\/www.laurentbourrelly.com\/blog\/wp-json\/wp\/v2\/media\/58393"}],"wp:attachment":[{"href":"https:\/\/www.laurentbourrelly.com\/blog\/wp-json\/wp\/v2\/media?parent=58392"}],"wp:term":[{"taxonomy":"product_brand","embeddable":true,"href":"https:\/\/www.laurentbourrelly.com\/blog\/wp-json\/wp\/v2\/product_brand?post=58392"},{"taxonomy":"product_cat","embeddable":true,"href":"https:\/\/www.laurentbourrelly.com\/blog\/wp-json\/wp\/v2\/product_cat?post=58392"},{"taxonomy":"product_tag","embeddable":true,"href":"https:\/\/www.laurentbourrelly.com\/blog\/wp-json\/wp\/v2\/product_tag?post=58392"}],"curies":[{"name":"wp","href":"https:\/\/api.w.org\/{rel}","templated":true}]}}