{"id":56127,"date":"2024-01-18T09:30:18","date_gmt":"2024-01-18T08:30:18","guid":{"rendered":"https:\/\/www.laurentbourrelly.com\/blog\/?post_type=product&#038;p=56127"},"modified":"2024-07-24T21:53:55","modified_gmt":"2024-07-24T19:53:55","slug":"la-recette-doptimisation-seo-on-page","status":"publish","type":"product","link":"https:\/\/www.laurentbourrelly.com\/blog\/boutique\/la-recette-doptimisation-seo-on-page","title":{"rendered":"La Recette d&rsquo;Optimisation SEO On Page"},"content":{"rendered":"\r\n<p><strong>Avoir la capacit\u00e9 de produire du contenu qui a le potentiel d&rsquo;\u00eatre visible sur Google est un super pouvoir.<\/strong> <strong>\r\n\r\n<\/strong> Gr\u00e2ce au SEO, on profite d&rsquo;un canal de visibilit\u00e9 extraordinaire gr\u00e2ce \u00e0 l&rsquo;intention.<\/p>\r\n\r\n\r\n\r\n<p>En effet, puisque l&rsquo;internaute cherche, il\/elle est beaucoup plus ouvert(e) \u00e0 l&rsquo;engagement.<\/p>\r\n\r\n\r\n\r\n<p>Ailleurs c&rsquo;est possible, mais les atouts de l&#8217;empathie profitent au SEO.<\/p>\r\n\r\n\r\n\r\n<p>Nous disposons de deux leviers principaux: le contenu et les liens.<\/p>\r\n\r\n\r\n\r\n<p>Tout le volet technique n&rsquo;est que droit d&rsquo;entr\u00e9e pour jouer la partie, qui focalise sur la page Web et son environnement.<\/p>\r\n\r\n\r\n\r\n<p>La page Web doit \u00eatre impeccable. L&rsquo;environnement de la page Web on site aka Cocon S\u00e9mantique sait r\u00e9pondre \u00e0 la seule question int\u00e9ressante: pourquoi je m\u00e9rite d&rsquo;\u00eatre pertinent sur un sujet? Sauf que le Cocon S\u00e9mantique ne s&rsquo;arr\u00eate pas au site Web. L&rsquo;environnement de l&rsquo;URL Off Site (social, backlinks, &#8230;) est tout aussi important et doit r\u00e9pondre aux principes \u00e9labor\u00e9s dans ma strat\u00e9gie SEO.<\/p>\r\n\r\n\r\n\r\n<h3 class=\"wp-block-heading\">Dans cette formation, je d\u00e9cortique tous les \u00e9l\u00e9ments de ma m\u00e9thode pour optimiser une page Web.<\/h3>\r\n\r\n\r\n\r\n<p>Cette formation ne traite pas de la r\u00e9daction Web. Il n&rsquo;y a pas de Buyer Persona, de script Copywriting et de Storytelling ni de le\u00e7on sur comment d\u00e9rouler un argumentaire.<\/p>\r\n\r\n\r\n\r\n<p>On isole le SEO pur qui m\u00e9rite d&rsquo;\u00eatre simplifi\u00e9 et efficace, sans avoir besoin d&rsquo;outils payants.<\/p>\r\n\r\n\r\n\r\n<p>Bien s\u00fbr que j&rsquo;adore les outils d&rsquo;analyse s\u00e9mantique. Sauf que je savais faire bien avant qu&rsquo;ils apparaissent.<\/p>\r\n\r\n\r\n\r\n<p>Sur FrenchTouchSEO.com figurent les membres de la famille Cocon S\u00e9mantique. Les outils am\u00e9liorent la productivit\u00e9, mais il faut savoir s&rsquo;en passer. Par exemple, un outil va te dire quels mots int\u00e9grer \u00e0 ton contenu. Avec mon jeu du mot myst\u00e8re, tu vas naturellement utiliser des mots importants pour d\u00e9crire le sujet de la page.<\/p>\r\n\r\n\r\n\r\n<p>Cette formation propose la base qu&rsquo;il faut respecter \u00e0 100%. Les notions avanc\u00e9es, comme l&rsquo;Odeur du Mot Clef, sont int\u00e9ressantes et permettent d&rsquo;\u00eatre remarquables. Sauf que je ne peux affirmer que c&rsquo;est vital aujourd&rsquo;hui. Google reste idiot et je changerai d&rsquo;avis que lorsque le Google Text aura disparu.<\/p>\r\n\r\n\r\n\r\n<p>Bien s\u00fbr que c&rsquo;est mieux de s&rsquo;adresser \u00e0 un Buyer Persona pr\u00e9cis, mais relativisons.<\/p>\r\n\r\n\r\n\r\n<p>Bien s\u00fbr que c&rsquo;est mieux de produire un contenu expert, sauf que \u00e7a n&rsquo;est pas indispensable.<\/p>\r\n\r\n\r\n\r\n<p>Google ne comprend pas ce qu&rsquo;il lit.<\/p>\r\n\r\n\r\n\r\n<p><strong>Restons simples et efficaces. Si tu t&rsquo;appliques \u00e0 appliquer ma m\u00e9thode personnelle, tu ne pourras qu&rsquo;\u00eatre meilleur en allant plus loin.<\/strong><\/p>\r\n\r\n\r\n\r\n<p>Sauf que c&rsquo;est d\u00e9j\u00e0 pas mal si tu suis mon plan.<\/p>\r\n\r\n\r\n\r\n<p>Evang\u00e9liser la production d&rsquo;un contenu de qualit\u00e9 reste ma priorit\u00e9. Sauf que je ne peux te mentir. Le niveau de merde acceptable s&rsquo;est \u00e9lev\u00e9. Prouver son expertise \u00e0 des algorithmes n&rsquo;est pas tr\u00e8s compliqu\u00e9. Etre\u00a0pertinent pour Google demande un peu d&rsquo;application, mais ce n&rsquo;est pas le Prix Pulitzer.<\/p>\r\n\r\n\r\n\r\n<p>Le contenu d&rsquo;une page Web est le deuxi\u00e8me levier, apr\u00e8s les liens (internes et backlinks). Cet \u00e9l\u00e9ment est mont\u00e9 en puissance depuis que j&rsquo;ai d\u00e9marr\u00e9 le SEO en 2004. On s&rsquo;en foutait du contenu. C&rsquo;\u00e9tait title et backlinks. Le maillage interne est devenu \u00e0 la mode en 2013, quand j&rsquo;ai introduit le Cocon S\u00e9mantique aupr\u00e8s du grand public.<\/p>\r\n\r\n\r\n\r\n<p>Aujourd&rsquo;hui, le bloc contenu a remplac\u00e9 H1, qui \u00e9tait le deuxi\u00e8me ranking factor On Page.<\/p>\r\n\r\n\r\n\r\n<p>Je te fais confiance pour produire un contenu de qualit\u00e9. Par dessus, tu glisses mes principes d&rsquo;optimisation SEO On Page et tu verras que \u00e7a fonctionne merveilleusement.<\/p>\r\n\r\n\r\n\r\n<p>A la limite, tu pourras tester plus tard d&rsquo;am\u00e9liorer la page 6 mois plus tard. Au moins, tu ne seras pas parti en suroptimisation SEO et s\u00e9mantique. Tant mieux si pousser un peu plus fort ce levier va am\u00e9liorer le positionnement. Par contre, tu ne seras pas flagg\u00e9 pour avoir jou\u00e9 au goret. De la m\u00eame mani\u00e8re, tu dois produire un contenu de meilleure qualit\u00e9 si Google n&rsquo;en veut pas car il n&rsquo;indexe pas et ne positionne pas.<\/p>\r\n\r\n\r\n\r\n<p><strong>Dans cette formation, je passe en revue les \u00e9l\u00e9ments suivants:<\/strong> <strong>\r\n\r\n<\/strong><\/p>\r\n<ol class=\"wp-block-list\">\r\n<li>Intro &#8211; 7mn38s<\/li>\r\n<li>Fondamentaux &#8211; 31mn01s<\/li>\r\n<li>S\u00e9mantique &#8211; 7mn48s<\/li>\r\n<li>EEAT &#8211; 12mn05s<\/li>\r\n<li>Humain assist\u00e9 par AI vs AI supervis\u00e9e par humain &#8211; 27mn07s<\/li>\r\n<\/ol>\r\n<p>&nbsp;<\/p>\r\n<p><em><strong>Attention, la formation \u00e9tant gratuite, Woocommerce ne confirme pas la commande ou tu auras un message \u00ab\u00a0panier vide\u00a0\u00bb. La commande aura bien \u00e9t\u00e9 pass\u00e9e et la formation sera d\u00e9j\u00e0 dans ta bo\u00eete de r\u00e9ception, tu n&rsquo;as pas besoin de passer la commande plusieurs fois.<\/strong><\/em><\/p>\r\n\r\n\r\n\r\n<ol class=\"wp-block-list\"><\/ol>\r\n\r\n\r\n\r\n<ol class=\"wp-block-list\"><\/ol>\r\n\r\n\r\n\r\n<ol class=\"wp-block-list\"><\/ol>\r\n","protected":false},"excerpt":{"rendered":"<p>5 vid\u00e9os pour ma\u00eetriser l&rsquo;optimisation SEO On Page. \u00a0<\/p>\n","protected":false},"featured_media":56131,"template":"","meta":{"site-sidebar-layout":"default","site-content-layout":"default","ast-site-content-layout":"default","site-content-style":"default","site-sidebar-style":"default","ast-global-header-display":"","ast-banner-title-visibility":"","ast-main-header-display":"","ast-hfb-above-header-display":"","ast-hfb-below-header-display":"","ast-hfb-mobile-header-display":"","site-post-title":"","ast-breadcrumbs-content":"","ast-featured-img":"","footer-sml-layout":"","ast-disable-related-posts":"","theme-transparent-header-meta":"default","adv-header-id-meta":"","stick-header-meta":"","header-above-stick-meta":"","header-main-stick-meta":"","header-below-stick-meta":"","astra-migrate-meta-layouts":"default","ast-page-background-enabled":"default","ast-page-background-meta":{"desktop":{"background-color":"var(--ast-global-color-4)","background-image":"","background-repeat":"repeat","background-position":"center center","background-size":"auto","background-attachment":"scroll","background-type":"","background-media":"","overlay-type":"","overlay-color":"","overlay-opacity":"","overlay-gradient":""},"tablet":{"background-color":"","background-image":"","background-repeat":"repeat","background-position":"center center","background-size":"auto","background-attachment":"scroll","background-type":"","background-media":"","overlay-type":"","overlay-color":"","overlay-opacity":"","overlay-gradient":""},"mobile":{"background-color":"","background-image":"","background-repeat":"repeat","background-position":"center center","background-size":"auto","background-attachment":"scroll","background-type":"","background-media":"","overlay-type":"","overlay-color":"","overlay-opacity":"","overlay-gradient":""}},"ast-content-background-meta":{"desktop":{"background-color":"var(--ast-global-color-5)","background-image":"","background-repeat":"repeat","background-position":"center center","background-size":"auto","background-attachment":"scroll","background-type":"","background-media":"","overlay-type":"","overlay-color":"","overlay-opacity":"","overlay-gradient":""},"tablet":{"background-color":"var(--ast-global-color-5)","background-image":"","background-repeat":"repeat","background-position":"center center","background-size":"auto","background-attachment":"scroll","background-type":"","background-media":"","overlay-type":"","overlay-color":"","overlay-opacity":"","overlay-gradient":""},"mobile":{"background-color":"var(--ast-global-color-5)","background-image":"","background-repeat":"repeat","background-position":"center center","background-size":"auto","background-attachment":"scroll","background-type":"","background-media":"","overlay-type":"","overlay-color":"","overlay-opacity":"","overlay-gradient":""}}},"product_brand":[],"product_cat":[565],"product_tag":[],"class_list":{"0":"post-56127","1":"product","2":"type-product","3":"status-publish","4":"has-post-thumbnail","6":"product_cat-seo","7":"desktop-align-left","8":"tablet-align-left","9":"mobile-align-left","11":"first","12":"instock","13":"sale","14":"downloadable","15":"virtual","16":"sold-individually","17":"purchasable","18":"product-type-simple"},"_links":{"self":[{"href":"https:\/\/www.laurentbourrelly.com\/blog\/wp-json\/wp\/v2\/product\/56127","targetHints":{"allow":["GET"]}}],"collection":[{"href":"https:\/\/www.laurentbourrelly.com\/blog\/wp-json\/wp\/v2\/product"}],"about":[{"href":"https:\/\/www.laurentbourrelly.com\/blog\/wp-json\/wp\/v2\/types\/product"}],"wp:featuredmedia":[{"embeddable":true,"href":"https:\/\/www.laurentbourrelly.com\/blog\/wp-json\/wp\/v2\/media\/56131"}],"wp:attachment":[{"href":"https:\/\/www.laurentbourrelly.com\/blog\/wp-json\/wp\/v2\/media?parent=56127"}],"wp:term":[{"taxonomy":"product_brand","embeddable":true,"href":"https:\/\/www.laurentbourrelly.com\/blog\/wp-json\/wp\/v2\/product_brand?post=56127"},{"taxonomy":"product_cat","embeddable":true,"href":"https:\/\/www.laurentbourrelly.com\/blog\/wp-json\/wp\/v2\/product_cat?post=56127"},{"taxonomy":"product_tag","embeddable":true,"href":"https:\/\/www.laurentbourrelly.com\/blog\/wp-json\/wp\/v2\/product_tag?post=56127"}],"curies":[{"name":"wp","href":"https:\/\/api.w.org\/{rel}","templated":true}]}}