{"id":55640,"date":"2022-11-22T16:35:56","date_gmt":"2022-11-22T15:35:56","guid":{"rendered":"https:\/\/www.laurentbourrelly.com\/blog\/?page_id=55640"},"modified":"2022-11-22T16:35:56","modified_gmt":"2022-11-22T15:35:56","slug":"mentions-legales","status":"publish","type":"page","link":"https:\/\/www.laurentbourrelly.com\/blog\/mentions-legales","title":{"rendered":"Mentions l\u00e9gales"},"content":{"rendered":"\n<p>&nbsp;<strong>Informatique et libert\u00e9<\/strong><\/p>\n\n\n\n<p>Le site internet <a href=\"http:\/\/laurentbourrelly.com\">laurentbourrelly.com<\/a> est g\u00e9r\u00e9 par la soci\u00e9t\u00e9 Laurent Bourrelly SLU :<\/p>\n\n\n\n<p>Laurent Bourrelly SLU<br>Soci\u00e9t\u00e9 \u00c0 Responsabilit\u00e9 Limit\u00e9e au capital de 6 000\u20ac.<br>Enregistr\u00e9e au Registre du Commerce de la Principaut\u00e9 d&rsquo;Andorre sous le num\u00e9ro 11463.<\/p>\n\n\n\n<p>Laurent Bourrelly SLU<br>BP 186<br>Andorra la Vella<br>Principaut\u00e9 d&rsquo;Andorre<br>eMail :\u00a0support@laurentbourrelly.com<br>T\u00e9l\u00e9phone : (+376) 364 859<\/p>\n\n\n\n<p><a href=\"http:\/\/laurentbourrelly.com\">Laurentbourrelly.com<\/a> est h\u00e9berg\u00e9 sur le site Hiwit.net, service de la soci\u00e9t\u00e9 Aznet SARL &#8211; RCS 444 818 215<\/p>\n\n\n\n<p><strong>Droits d&rsquo;auteur<\/strong><\/p>\n\n\n\n<p>L&rsquo;ensemble des informations pr\u00e9sentes sur ce site peut \u00eatre t\u00e9l\u00e9charg\u00e9, reproduit, imprim\u00e9 sous r\u00e9serve de:<\/p>\n\n\n\n<p>&#8211; n&rsquo;utiliser de telles informations qu&rsquo;\u00e0 des fins personnelles et en aucune mani\u00e8re \u00e0 des fins commerciales;<\/p>\n\n\n\n<p>&#8211; ne pas modifier de telles informations;<\/p>\n\n\n\n<p>&#8211; reproduire sur toutes copies la mention des droits d&rsquo;auteur (\u00ab\u00a0le copyright\u00a0\u00bb) de&nbsp;Bootcampseo. Toute autre utilisation non express\u00e9ment autoris\u00e9e est strictement interdite sans autorisation pr\u00e9alable et \u00e9crite de Bootcampseo.<\/p>\n\n\n\n<p><strong>Responsabilit\u00e9<\/strong><\/p>\n\n\n\n<p>L&rsquo;ensemble des informations accessibles via ce site sont fournies en l&rsquo;\u00e9tat.<\/p>\n\n\n\n<p>Laurent Bourrelly et Bootcampseo ne donnent aucune garantie, explicite ou implicite, et n&rsquo;assument aucune responsabilit\u00e9 relative \u00e0 l&rsquo;utilisation de ces informations.<\/p>\n\n\n\n<p>Laurent Bourrelly et Bootcampseo&nbsp;ne sont responsables ni de l&rsquo;exactitude, ni des erreurs, ni des omissions contenues sur ce site.<\/p>\n\n\n\n<p>L&rsquo;utilisateur est seul responsable de l&rsquo;utilisation de telles informations.<\/p>\n\n\n\n<p>Laurent Bourrelly et Bootcampseo se r\u00e9servent le droit de modifier \u00e0 tout moment les pr\u00e9sentes notamment en actualisant ce site.<\/p>\n\n\n\n<p>Laurent Bourrelly et Bootcampseo ne pourront \u00eatre responsables pour quel que dommage que ce soit tant direct qu&rsquo;indirect, r\u00e9sultant d&rsquo;une information contenue sur ce site.<\/p>\n\n\n\n<p>Laurent Bourrelly et Bootcampseo ne peuvent \u00eatre tenus responsables des probl\u00e8mes li\u00e9s \u00e0 la bonne consultation de ce site ainsi que les d\u00e9g\u00e2ts caus\u00e9s par virus, hacking, piratage ou toute utilisation malveillante du r\u00e9seau Internet.<\/p>\n\n\n\n<p>Pour toute remarque sur le fonctionnement du site, vous pouvez m&rsquo;envoyer un email:&nbsp;support@laurentbourrelly.com.<\/p>\n\n\n\n<p><strong>Important<\/strong><\/p>\n\n\n\n<p>Les messages que vous nous ferez parvenir par l&rsquo;interm\u00e9diaire d&rsquo;Internet peuvent \u00eatre intercept\u00e9s sur le r\u00e9seau. Jusqu&rsquo;\u00e0 ce qu&rsquo;ils nous parviennent, leur confidentialit\u00e9 ne peut \u00eatre garantie.<\/p>\n","protected":false},"excerpt":{"rendered":"<p>&nbsp;Informatique et libert\u00e9 Le site internet laurentbourrelly.com est g\u00e9r\u00e9 par la soci\u00e9t\u00e9 Laurent Bourrelly SLU : Laurent Bourrelly SLUSoci\u00e9t\u00e9 \u00c0 Responsabilit\u00e9 Limit\u00e9e au capital de 6 000\u20ac.Enregistr\u00e9e au Registre du Commerce de la Principaut\u00e9 d&rsquo;Andorre sous le num\u00e9ro 11463. Laurent Bourrelly SLUBP 186Andorra la VellaPrincipaut\u00e9 d&rsquo;AndorreeMail :\u00a0support@laurentbourrelly.comT\u00e9l\u00e9phone : (+376) 364 859 Laurentbourrelly.com est h\u00e9berg\u00e9 sur [&hellip;]<\/p>\n","protected":false},"author":1,"featured_media":0,"parent":0,"menu_order":0,"comment_status":"closed","ping_status":"closed","template":"","meta":{"site-sidebar-layout":"default","site-content-layout":"","ast-site-content-layout":"default","site-content-style":"default","site-sidebar-style":"default","ast-global-header-display":"","ast-banner-title-visibility":"","ast-main-header-display":"","ast-hfb-above-header-display":"","ast-hfb-below-header-display":"","ast-hfb-mobile-header-display":"","site-post-title":"","ast-breadcrumbs-content":"","ast-featured-img":"","footer-sml-layout":"","ast-disable-related-posts":"","theme-transparent-header-meta":"","adv-header-id-meta":"","stick-header-meta":"","header-above-stick-meta":"","header-main-stick-meta":"","header-below-stick-meta":"","astra-migrate-meta-layouts":"default","ast-page-background-enabled":"default","ast-page-background-meta":{"desktop":{"background-color":"var(--ast-global-color-4)","background-image":"","background-repeat":"repeat","background-position":"center center","background-size":"auto","background-attachment":"scroll","background-type":"","background-media":"","overlay-type":"","overlay-color":"","overlay-opacity":"","overlay-gradient":""},"tablet":{"background-color":"","background-image":"","background-repeat":"repeat","background-position":"center center","background-size":"auto","background-attachment":"scroll","background-type":"","background-media":"","overlay-type":"","overlay-color":"","overlay-opacity":"","overlay-gradient":""},"mobile":{"background-color":"","background-image":"","background-repeat":"repeat","background-position":"center center","background-size":"auto","background-attachment":"scroll","background-type":"","background-media":"","overlay-type":"","overlay-color":"","overlay-opacity":"","overlay-gradient":""}},"ast-content-background-meta":{"desktop":{"background-color":"var(--ast-global-color-5)","background-image":"","background-repeat":"repeat","background-position":"center center","background-size":"auto","background-attachment":"scroll","background-type":"","background-media":"","overlay-type":"","overlay-color":"","overlay-opacity":"","overlay-gradient":""},"tablet":{"background-color":"var(--ast-global-color-5)","background-image":"","background-repeat":"repeat","background-position":"center center","background-size":"auto","background-attachment":"scroll","background-type":"","background-media":"","overlay-type":"","overlay-color":"","overlay-opacity":"","overlay-gradient":""},"mobile":{"background-color":"var(--ast-global-color-5)","background-image":"","background-repeat":"repeat","background-position":"center center","background-size":"auto","background-attachment":"scroll","background-type":"","background-media":"","overlay-type":"","overlay-color":"","overlay-opacity":"","overlay-gradient":""}},"footnotes":""},"class_list":["post-55640","page","type-page","status-publish","hentry"],"_links":{"self":[{"href":"https:\/\/www.laurentbourrelly.com\/blog\/wp-json\/wp\/v2\/pages\/55640","targetHints":{"allow":["GET"]}}],"collection":[{"href":"https:\/\/www.laurentbourrelly.com\/blog\/wp-json\/wp\/v2\/pages"}],"about":[{"href":"https:\/\/www.laurentbourrelly.com\/blog\/wp-json\/wp\/v2\/types\/page"}],"author":[{"embeddable":true,"href":"https:\/\/www.laurentbourrelly.com\/blog\/wp-json\/wp\/v2\/users\/1"}],"replies":[{"embeddable":true,"href":"https:\/\/www.laurentbourrelly.com\/blog\/wp-json\/wp\/v2\/comments?post=55640"}],"version-history":[{"count":1,"href":"https:\/\/www.laurentbourrelly.com\/blog\/wp-json\/wp\/v2\/pages\/55640\/revisions"}],"predecessor-version":[{"id":55641,"href":"https:\/\/www.laurentbourrelly.com\/blog\/wp-json\/wp\/v2\/pages\/55640\/revisions\/55641"}],"wp:attachment":[{"href":"https:\/\/www.laurentbourrelly.com\/blog\/wp-json\/wp\/v2\/media?parent=55640"}],"curies":[{"name":"wp","href":"https:\/\/api.w.org\/{rel}","templated":true}]}}